{"id":133,"date":"2022-08-12T15:47:00","date_gmt":"2022-08-12T15:47:00","guid":{"rendered":"http:\/\/marcuspatrickrehberg.com\/?page_id=133"},"modified":"2022-08-12T18:46:46","modified_gmt":"2022-08-12T18:46:46","slug":"workshops","status":"publish","type":"page","link":"https:\/\/marcuspatrickrehberg.com\/?page_id=133","title":{"rendered":"Workshops"},"content":{"rendered":"\n<p>F\u00fcr Institutionen, F\u00f6rdervereine und interssierte Gruppen biete ich Tages-Workshops, Wochenendseminare, Seminarwochen, Fortlaufende Schreibkurse und Projektentwicklung  via Zoom oder bei Ihnen vor Ort.<\/p>\n\n\n\n<p>Ma\u00dfgeschneidertes Know-how f\u00fcr alle, die Drehb\u00fccher, Romane, Theaterst\u00fccke schreiben m\u00f6chten. Professionelle Wissensvermittlung und dramaturgische Projektbegleitung. Vom Drehbuch f\u00fcr Film oder Serie, \u00fcber Theaterst\u00fcck bis zum Roman und Selfpublishing. F\u00fcr Anf\u00e4nger, (Quer)-Einsteiger, Fortgeschrittene und Profis.<\/p>\n\n\n\n<p><strong>Buchbare Weiterbildungsmodule im Bereich Drehbuch<\/strong>:<\/p>\n\n\n\n<p>Tagesseminar \u201eFilm sehen und verstehen \u2013 f\u00fcr Cineasten und Filmemacher\u201c<\/p>\n\n\n\n<p>Wochenend-Seminar \u201eGrundlagen des Drehbuchschreibens\u201c<\/p>\n\n\n\n<p>WE-Seminar \u201ePraxis des Drehbuchschreibens\u201c<\/p>\n\n\n\n<p>Fortlaufendes W\u00f6chentliches Abendseminar \u201eDrehbuchentwicklung und Stoffentwicklung\u201c<\/p>\n\n\n\n<p>Workshop-Woche \u201eCrash-Kurs Drehbuch\u201c<\/p>\n\n\n\n<p>\u201eDein Drehbuch in 14 Tagen\u201c<\/p>\n\n\n\n<p>Workshop-Woche \u201eHimmlisches Storytelling\u201c<\/p>\n\n\n\n<p>Drehbuch-Weiterbildung f\u00fcr ausgebildete Schauspieler<\/p>\n\n\n\n<p>WE-Workshop \u201eVom Actor zum Autor!\u201c \u2013 Der Drehbuch-Workshop f\u00fcr Schauspieler*innen<\/p>\n\n\n\n<p><\/p>\n\n\n\n<p><strong>Buchbare Weiterbildungsmodule im Bereich<\/strong> <strong>Autoren- und Pers\u00f6nlichkeitsentwicklung<\/strong><\/p>\n\n\n\n<p>Dein Leben als Biopic: \u201c Schreib Deine Heldenreise in das Drehbuch Deines Lebens!\u201c<\/p>\n\n\n\n<p>Dein Leben als Serie: \u201eBegreife dein gestern, erkenne dein heute, gestalte dein morgen!\u201c<\/p>\n\n\n\n<p>Dein Leben als Roman: \u201eEs ist nie zu fr\u00fch mit deiner Autobiographie zu beginnen.\u201c<\/p>\n\n\n\n<p>Soul-Script \u2013 Dramaturgie des Lebens<\/p>\n\n\n\n<p><\/p>\n\n\n\n<p>\u00a0<\/p>\n\n\n\n<p>(c) Konzepte\/Texte: Marcus Patrick Rehberg<\/p>\n","protected":false},"excerpt":{"rendered":"<p>F\u00fcr Institutionen, F\u00f6rdervereine und interssierte Gruppen biete ich Tages-Workshops, Wochenendseminare, Seminarwochen, Fortlaufende Schreibkurse und Projektentwicklung via Zoom oder bei Ihnen vor Ort. Ma\u00dfgeschneidertes Know-how f\u00fcr alle, die Drehb\u00fccher, Romane, Theaterst\u00fccke schreiben m\u00f6chten. Professionelle Wissensvermittlung und dramaturgische Projektbegleitung. Vom Drehbuch f\u00fcr Film oder Serie, \u00fcber Theaterst\u00fcck bis zum Roman und Selfpublishing. F\u00fcr Anf\u00e4nger, (Quer)-Einsteiger, Fortgeschrittene und &hellip; <\/p>\n<p class=\"link-more\"><a href=\"https:\/\/marcuspatrickrehberg.com\/?page_id=133\" class=\"more-link\"><span class=\"screen-reader-text\">\u201eWorkshops\u201c<\/span> weiterlesen<\/a><\/p>\n","protected":false},"author":1,"featured_media":0,"parent":0,"menu_order":0,"comment_status":"closed","ping_status":"closed","template":"","meta":{"footnotes":""},"_links":{"self":[{"href":"https:\/\/marcuspatrickrehberg.com\/index.php?rest_route=\/wp\/v2\/pages\/133"}],"collection":[{"href":"https:\/\/marcuspatrickrehberg.com\/index.php?rest_route=\/wp\/v2\/pages"}],"about":[{"href":"https:\/\/marcuspatrickrehberg.com\/index.php?rest_route=\/wp\/v2\/types\/page"}],"author":[{"embeddable":true,"href":"https:\/\/marcuspatrickrehberg.com\/index.php?rest_route=\/wp\/v2\/users\/1"}],"replies":[{"embeddable":true,"href":"https:\/\/marcuspatrickrehberg.com\/index.php?rest_route=%2Fwp%2Fv2%2Fcomments&post=133"}],"version-history":[{"count":4,"href":"https:\/\/marcuspatrickrehberg.com\/index.php?rest_route=\/wp\/v2\/pages\/133\/revisions"}],"predecessor-version":[{"id":196,"href":"https:\/\/marcuspatrickrehberg.com\/index.php?rest_route=\/wp\/v2\/pages\/133\/revisions\/196"}],"wp:attachment":[{"href":"https:\/\/marcuspatrickrehberg.com\/index.php?rest_route=%2Fwp%2Fv2%2Fmedia&parent=133"}],"curies":[{"name":"wp","href":"https:\/\/api.w.org\/{rel}","templated":true}]}}