{"id":140,"date":"2022-08-12T15:47:43","date_gmt":"2022-08-12T15:47:43","guid":{"rendered":"http:\/\/marcuspatrickrehberg.com\/?page_id=140"},"modified":"2024-02-07T09:25:03","modified_gmt":"2024-02-07T09:25:03","slug":"autoren-und-persoenlichkeitsentwicklungs-workshops","status":"publish","type":"page","link":"https:\/\/marcuspatrickrehberg.com\/?page_id=140","title":{"rendered":"Autoren- und Pers\u00f6nlichkeitsentwicklungs-Workshops"},"content":{"rendered":"\n<h2 class=\"wp-block-heading\">Dein Leben als Biopic: \u201c Schreib Deine Heldenreise in das Drehbuch Deines Lebens!\u201c<\/h2>\n\n\n\n<p>Drehbuch-Schreiben ist viel \u00e4lter und bedeutsamer, als wir gemeinhin so denken! Wir schreiben mit unseren Gedanken, Gef\u00fchlen und Taten unser aller Vergangenheit, Gegenwart und Zukunft. \u2013 Doch wer schreibt an meinem Drehbuch mit? Wer spielt in wessen Film welche Rolle? Welche Rolle haben die Antagonisten? Wer f\u00fchrt in meinem Lebensfilm die Regie? Was bedeuten die Wendepunkte, Katastrophen, Krisen, Happy-Ends in unserem Leben aus Karmischer Sicht \u2013 und dar\u00fcber hinaus. Autoren arbeiten im konkreten Schreibprozess mit dem \u201eSiebten Sinn\u201c (7. Chakra, Hypophyse, h\u00f6here Eingebung).<\/p>\n\n\n\n<h2 class=\"wp-block-heading\">Dein Leben als Serie: \u201eBegreife dein gestern, erkenne dein heute, gestalte dein morgen!\u201c<\/h2>\n\n\n\n<p>Das Leben ist wie eine horizontal erz\u00e4hlte Serie. Es gibt einzelne Folgen, die wiederum zu bestimmten Staffeln geh\u00f6ren. Und \u00fcber die Staffeln hinweg entwickeln sich die Charaktere und ihr Beziehungsgeflecht ver\u00e4ndert sich. Jede Serie hat eine Serien-Bibel, in der die Figuren und ihre Charaktere, Motive, Handlungsweisen (und vieles mehr) festgelegt sind. Alles dient einem bestimmten Zweck und hat einen inneren und \u00e4u\u00dferen Roten Faden.<\/p>\n\n\n\n<h2 class=\"wp-block-heading\">Dein Leben als Roman: \u201eEs ist nie zu fr\u00fch mit deiner Autobiographie zu beginnen.\u201c<\/h2>\n\n\n\n<p>Wie Romane besitzt auch unsere pers\u00f6nliche Lebensgeschichte einen inneren und \u00e4u\u00dferen Spannungsbogen, einen roten Faden, der die einzelnen Ereignisse und Handlungen \u2013 aus der spirituellen Sicht der Seele \u2013 sinnstiftend verbindet. In diesem Tagesseminar lernen wir unterschiedliche dramaturgische Methoden kennen, um die Ereignisse unseres Lebens und die handelnden Figuren auf den dahinter verborgenen Plan hin zu analysieren. Konkrete \u00dcbungen laden dazu ein, die tiefere Bedeutung und Funktion bestimmter Wendepunkte, Krisen, Katastrophen und Happy-Ends in unserem individuellen \u201eBuch des Lebens\u201c zu entdecken. Aus diesen dramaturgischen Einsichten heraus ist es m\u00f6glich, dass wir die n\u00e4chsten Szenen, Akte oder Wendepunkte unseres \u201eLebensbuch\u201c bewusster erleben und gestalten k\u00f6nnen.<\/p>\n\n\n\n<h2 class=\"wp-block-heading\">Soul-Script \u2013 <em>Dramaturgie des Lebens<\/em><\/h2>\n\n\n\n<p>Jeder Mensch kommt mit einem Lebensplan auf die Welt. Wir haben ihn zuvor selbst geschrieben. Es existiert quasi eine Art geistiges, feinstoffliches \u201eDrehbuch\u201c. Allerdings haben wir es nicht auf dem Nachttisch liegen und k\u00f6nnen nicht am Abend darin lesen, um uns auf die Szenen, die am folgenden Tag auf dem \u201eDrehplan\u201c unseres \u201eLebensfilms\u201c stehen, vorzubereiten. Aber wir k\u00f6nnen uns die bereits verfilmten Drehbuchseiten in unserem \u201eKopfkino\u201c anschauen. Daraus &nbsp;lassen sich R\u00fcckschl\u00fcsse aufs zugrundeliegende \u201eDrehbuch\u201c bzw. den eigenen Lebensplan ziehen. Mit dem tieferen bzw. h\u00f6heren Wissen, dass es eine Dramaturgie des Lebens gibt, einem (offen-endigen, multi-optionalen, multi-dimensionalen) Seelen-Drehbuch, dass bereits vor unserer Inkarnation geschrieben wurde, wird script-writing zu soul-writing.<\/p>\n\n\n\n<p><strong>Teilnehmer\/innen:&nbsp;<\/strong>Dieser Kurs wendet sich an alle, die ihr Leben einmal aus einer erfrischend anderen Sicht betrachten und ihrem Lebensplan dabei n\u00e4her kommen bzw. tiefer auf den Grund gehen m\u00f6chten. Es sind keine Vorkenntnisse erforderlich. Max. 12 Teilnehmer.<\/p>\n\n\n\n<p><strong>Dozent:&nbsp;<\/strong>Marcus Patrick Rehberg ist Autoren-Coach, Filmdramaturg, (Co-)Autor, Selfpublisher und Dozent mit mehr als 15 Jahren Lehrerfahrung. Nach zwei Jahrzehnten psychologischer und spiritueller Weiterbildung entwickelte er ein dramaturgisches Modell (\u201eDrehbuch-Alchimie\u201c, \u201eDie Figurenleiter\u201c), in dem u.a. die hermetischen Prinzipien und g\u00f6ttlichen Gesetze bzw. Dimensionen der spirituellen Entwicklung mit den traditionellen Drehbuchtheorien harmonisch zusammenwirken.<\/p>\n\n\n\n<p><\/p>\n\n\n\n<p><strong>Kontakt: <\/strong>mprehberg@gmail.com oder 0731-40388794<\/p>\n","protected":false},"excerpt":{"rendered":"<p>Dein Leben als Biopic: \u201c Schreib Deine Heldenreise in das Drehbuch Deines Lebens!\u201c Drehbuch-Schreiben ist viel \u00e4lter und bedeutsamer, als wir gemeinhin so denken! Wir schreiben mit unseren Gedanken, Gef\u00fchlen und Taten unser aller Vergangenheit, Gegenwart und Zukunft. \u2013 Doch wer schreibt an meinem Drehbuch mit? Wer spielt in wessen Film welche Rolle? Welche Rolle &hellip; <\/p>\n<p class=\"link-more\"><a href=\"https:\/\/marcuspatrickrehberg.com\/?page_id=140\" class=\"more-link\"><span class=\"screen-reader-text\">\u201eAutoren- und Pers\u00f6nlichkeitsentwicklungs-Workshops\u201c<\/span> weiterlesen<\/a><\/p>\n","protected":false},"author":1,"featured_media":0,"parent":0,"menu_order":0,"comment_status":"closed","ping_status":"closed","template":"","meta":{"footnotes":""},"_links":{"self":[{"href":"https:\/\/marcuspatrickrehberg.com\/index.php?rest_route=\/wp\/v2\/pages\/140"}],"collection":[{"href":"https:\/\/marcuspatrickrehberg.com\/index.php?rest_route=\/wp\/v2\/pages"}],"about":[{"href":"https:\/\/marcuspatrickrehberg.com\/index.php?rest_route=\/wp\/v2\/types\/page"}],"author":[{"embeddable":true,"href":"https:\/\/marcuspatrickrehberg.com\/index.php?rest_route=\/wp\/v2\/users\/1"}],"replies":[{"embeddable":true,"href":"https:\/\/marcuspatrickrehberg.com\/index.php?rest_route=%2Fwp%2Fv2%2Fcomments&post=140"}],"version-history":[{"count":5,"href":"https:\/\/marcuspatrickrehberg.com\/index.php?rest_route=\/wp\/v2\/pages\/140\/revisions"}],"predecessor-version":[{"id":266,"href":"https:\/\/marcuspatrickrehberg.com\/index.php?rest_route=\/wp\/v2\/pages\/140\/revisions\/266"}],"wp:attachment":[{"href":"https:\/\/marcuspatrickrehberg.com\/index.php?rest_route=%2Fwp%2Fv2%2Fmedia&parent=140"}],"curies":[{"name":"wp","href":"https:\/\/api.w.org\/{rel}","templated":true}]}}