{"id":2,"date":"2016-05-10T03:48:21","date_gmt":"2016-05-10T03:48:21","guid":{"rendered":"http:\/\/marcuspatrickrehberg.com\/?page_id=2"},"modified":"2025-05-15T06:40:39","modified_gmt":"2025-05-15T06:40:39","slug":"sample-page","status":"publish","type":"page","link":"https:\/\/marcuspatrickrehberg.com\/","title":{"rendered":"Herzlich willkommen!"},"content":{"rendered":"\n<p>In einer dramaturgischen Zusammenarbeit geht&#8217;s \u00fcber kurz oder lang doch immer ums Ganze!<\/p>\n\n\n\n<p>Unser Ziel ist, dass du genau die Geschichte gestaltest, die du erz\u00e4hlen m\u00f6chtest. Deshalb analysieren wir <strong>gemeinsam<\/strong> den Kern deiner Geschichte. <strong>Allein<\/strong> schaust du dann, welche konkreten \u00c4nderungen mit der Zeit durch Intuition und Inspiration zu dir kommen, um DEIN Ziel zu erreichen. <\/p>\n\n\n\n<p>F\u00fcr deine Drehbuchoptimierung steht die das komplette Spektrum meines Drehbuchhandwerks und meiner dramaturgischen Erfahrung (als Dramaturg, Berater\/Coach, Dozent und Autor) zur Verf\u00fcgung.<\/p>\n\n\n\n<p>Und wer ist der Marcus Patrick Rehberg? <a href=\"https:\/\/marcuspatrickrehberg.com\/wp-admin\/post.php?post=30&amp;action=edit\">\u00dcber mich<\/a> &#8230;<\/p>\n","protected":false},"excerpt":{"rendered":"<p>In einer dramaturgischen Zusammenarbeit geht&#8217;s \u00fcber kurz oder lang doch immer ums Ganze! Unser Ziel ist, dass du genau die Geschichte gestaltest, die du erz\u00e4hlen m\u00f6chtest. Deshalb analysieren wir gemeinsam den Kern deiner Geschichte. Allein schaust du dann, welche konkreten \u00c4nderungen mit der Zeit durch Intuition und Inspiration zu dir kommen, um DEIN Ziel zu &hellip; <\/p>\n<p class=\"link-more\"><a href=\"https:\/\/marcuspatrickrehberg.com\/\" class=\"more-link\"><span class=\"screen-reader-text\">\u201eHerzlich willkommen!\u201c<\/span> weiterlesen<\/a><\/p>\n","protected":false},"author":1,"featured_media":0,"parent":0,"menu_order":0,"comment_status":"closed","ping_status":"open","template":"","meta":{"footnotes":""},"_links":{"self":[{"href":"https:\/\/marcuspatrickrehberg.com\/index.php?rest_route=\/wp\/v2\/pages\/2"}],"collection":[{"href":"https:\/\/marcuspatrickrehberg.com\/index.php?rest_route=\/wp\/v2\/pages"}],"about":[{"href":"https:\/\/marcuspatrickrehberg.com\/index.php?rest_route=\/wp\/v2\/types\/page"}],"author":[{"embeddable":true,"href":"https:\/\/marcuspatrickrehberg.com\/index.php?rest_route=\/wp\/v2\/users\/1"}],"replies":[{"embeddable":true,"href":"https:\/\/marcuspatrickrehberg.com\/index.php?rest_route=%2Fwp%2Fv2%2Fcomments&post=2"}],"version-history":[{"count":12,"href":"https:\/\/marcuspatrickrehberg.com\/index.php?rest_route=\/wp\/v2\/pages\/2\/revisions"}],"predecessor-version":[{"id":283,"href":"https:\/\/marcuspatrickrehberg.com\/index.php?rest_route=\/wp\/v2\/pages\/2\/revisions\/283"}],"wp:attachment":[{"href":"https:\/\/marcuspatrickrehberg.com\/index.php?rest_route=%2Fwp%2Fv2%2Fmedia&parent=2"}],"curies":[{"name":"wp","href":"https:\/\/api.w.org\/{rel}","templated":true}]}}