{"id":235,"date":"2022-08-14T18:13:00","date_gmt":"2022-08-14T18:13:00","guid":{"rendered":"http:\/\/marcuspatrickrehberg.com\/?page_id=235"},"modified":"2024-02-07T09:25:53","modified_gmt":"2024-02-07T09:25:53","slug":"der-klassiker-check","status":"publish","type":"page","link":"https:\/\/marcuspatrickrehberg.com\/?page_id=235","title":{"rendered":"Der Klassiker-Check"},"content":{"rendered":"\n<p>basierend auf der <a href=\"https:\/\/marcuspatrickrehberg.com\/?page_id=131\" target=\"_blank\" rel=\"noreferrer noopener\">Figurenleiter-Methode<\/a><\/p>\n\n\n\n<p>Sie haben die Story nach den Regeln der Kunst strukturiert und gestaltet. Sehr gut! Denn Klassiker zeichnet meistens aus, dass sich an ihnen alle traditionellen Drehbuchtheorien gleichzeitig nachweisen lassen. Dar\u00fcber hinaus gibt es noch eine Meta-Ebene, eine quasi metaphysische Struktur, die sich nicht unbedingt nach den herk\u00f6mmlichen Proportionen (Akteinteilungen, Wendepunkte, H\u00f6hepunkte) richtet, sondern einen qualitativen Erfahrungsweg und Erkenntnisprozess innerhalb der Interaktionen und des Beziehungsgeflechts der handelnden Figuren beschreibt.<\/p>\n\n\n\n<p>Der Klassiger-Check analysiert, wie und wo die Stufen\/Phasen von Filmklassikern in deiner Struktur vorhanden sind. Dabei wird die Story aus Perspektive der Stufen\/Phasen der Figurenleiter-Dramaturgie erz\u00e4hlt, so dass du selbst einen Blick von Au\u00dfen (Abstand) in die Tiefe des Projekts werfen kannst.<\/p>\n\n\n\n<p><strong>Kontakt: <\/strong>mprehberg@gmail.com oder 0731-40388794<\/p>\n","protected":false},"excerpt":{"rendered":"<p>basierend auf der Figurenleiter-Methode Sie haben die Story nach den Regeln der Kunst strukturiert und gestaltet. Sehr gut! Denn Klassiker zeichnet meistens aus, dass sich an ihnen alle traditionellen Drehbuchtheorien gleichzeitig nachweisen lassen. Dar\u00fcber hinaus gibt es noch eine Meta-Ebene, eine quasi metaphysische Struktur, die sich nicht unbedingt nach den herk\u00f6mmlichen Proportionen (Akteinteilungen, Wendepunkte, H\u00f6hepunkte) &hellip; <\/p>\n<p class=\"link-more\"><a href=\"https:\/\/marcuspatrickrehberg.com\/?page_id=235\" class=\"more-link\"><span class=\"screen-reader-text\">\u201eDer Klassiker-Check\u201c<\/span> weiterlesen<\/a><\/p>\n","protected":false},"author":1,"featured_media":0,"parent":0,"menu_order":0,"comment_status":"closed","ping_status":"closed","template":"","meta":{"footnotes":""},"_links":{"self":[{"href":"https:\/\/marcuspatrickrehberg.com\/index.php?rest_route=\/wp\/v2\/pages\/235"}],"collection":[{"href":"https:\/\/marcuspatrickrehberg.com\/index.php?rest_route=\/wp\/v2\/pages"}],"about":[{"href":"https:\/\/marcuspatrickrehberg.com\/index.php?rest_route=\/wp\/v2\/types\/page"}],"author":[{"embeddable":true,"href":"https:\/\/marcuspatrickrehberg.com\/index.php?rest_route=\/wp\/v2\/users\/1"}],"replies":[{"embeddable":true,"href":"https:\/\/marcuspatrickrehberg.com\/index.php?rest_route=%2Fwp%2Fv2%2Fcomments&post=235"}],"version-history":[{"count":7,"href":"https:\/\/marcuspatrickrehberg.com\/index.php?rest_route=\/wp\/v2\/pages\/235\/revisions"}],"predecessor-version":[{"id":267,"href":"https:\/\/marcuspatrickrehberg.com\/index.php?rest_route=\/wp\/v2\/pages\/235\/revisions\/267"}],"wp:attachment":[{"href":"https:\/\/marcuspatrickrehberg.com\/index.php?rest_route=%2Fwp%2Fv2%2Fmedia&parent=235"}],"curies":[{"name":"wp","href":"https:\/\/api.w.org\/{rel}","templated":true}]}}