{"id":30,"date":"2020-11-08T20:49:39","date_gmt":"2020-11-08T20:49:39","guid":{"rendered":"http:\/\/marcuspatrickrehberg.com\/?page_id=30"},"modified":"2022-08-14T13:30:37","modified_gmt":"2022-08-14T13:30:37","slug":"ueber-mich","status":"publish","type":"page","link":"https:\/\/marcuspatrickrehberg.com\/?page_id=30","title":{"rendered":"\u00dcber mich"},"content":{"rendered":"\n<figure class=\"wp-block-image\"><img decoding=\"async\" src=\"https:\/\/www.dramaturgenverband.org\/sites\/default\/files\/styles\/dramaturgenguide_profilbild_profilseite\/public\/mpr_foto_300dpi.jpg?itok=GUXNxD_h\" alt=\"\"\/><\/figure>\n\n\n\n<h1 class=\"wp-block-heading\">Marcus Patrick Rehberg<\/h1>\n\n\n\n<p><strong><em>Wer ist das?\u00a0Was kann der eigentlich?<\/em><\/strong><\/p>\n\n\n\n<h2 class=\"wp-block-heading\">Kurz &amp; knapp:<\/h2>\n\n\n\n<p><strong>Marcus Patrick Rehberg (VeDRA)<\/strong><\/p>\n\n\n\n<p><strong>Lehrjahre:&nbsp;<\/strong>F\u00fcr den neu gegr\u00fcndeten Produktionszweig von Universal Pictures habe ich unter Leitung von Andrea Willson Lektorate und Adaptionsgutachten geschrieben und auch Projekte dramaturgisch beraten.<\/p>\n\n\n\n<p><strong>Gesellenjahre:<\/strong>&nbsp;Als Lektor, Dramaturg und Co-Autor habe ich mit Roland Zag zusammengearbeitet. In einem Mastermind-Team mit Roland Zag und Norbert Maass entwicklete ich Stoffe u.a. f\u00fcr Universal Pictures bis zum szenischen Expos\u00e9 entwickeln und&nbsp;schrieb z.B. f\u00fcr Claussen+W\u00f6bke+Putz das Konzept einer Roman-Adaption.&nbsp;<\/p>\n\n\n\n<p><strong>Meisterpr\u00fcfung:<\/strong>&nbsp;Nach dem Motto &#8222;Wer lernen will, soll lehren!&#8220; unterrichtete ich als Dozent f\u00fcr Drehbuch- und Stoffentwicklung an der Makromedia Fachhochschule\/M\u00fcnchen unter Prof. Arthur Hofer. Derzeit unterrichte ich an der Filmschauspielschule Berlin den Bereich Schreibschule &amp; Dramaturgie. Als Drehbuchautor wurde ich mit dem&nbsp;Drehbuchprojekt &#8222;Antonio Congo&#8220; (Auftragsarbeit) f\u00fcr die Teilnahme am Development-Programm &#8222;Babylon International 2011&#8220; (funded by MEDIA MUNDUS (EU), organized by Scripthouse\/Berlin) ausgew\u00e4hlt.<\/p>\n\n\n\n<h2 class=\"wp-block-heading\">Ausf\u00fchrlich:<\/h2>\n\n\n\n<p><strong>Marcus Patrick Rehberg<\/strong>, Mitglied im Verband der deutschen Film- und Fernsehdramaturgen (VeDRA), studierte Neuere deutsche Literatur und Medien, Graphik &amp; Malerei und Ethnologie an der Phillipps Universit\u00e4t Marburg. Er realisierte seine Magisterarbeit in Form eines 240-min\u00fctigen Essayfilms \u00fcber Jean-Luc Godard und absolvierte seine Weiterbildungen zum Dramaturgen und Drehbuchautor u.a. bei Cunningham\/Schlessinger, Robert McKee, Jurgen Wolff, Roland Zag.<\/p>\n\n\n\n<p>Seine Weiterbildungen im Bereich Regie absolvierte er im Rahmen der Filmschule 97\/98 der Filmwerkstatt M\u00fcnster sowie an diversen Filmh\u00e4usern bzw. -werkst\u00e4tten u.a. bei Kaspar Heidelbach, Bettina Woernle, Mark Travis und schloss sie mit dem Kurzfilm &#8222;Wake up or die&#8220; (nominiert f\u00fcr den &#8222;Junge Sterne 2000&#8220;-Award&nbsp; der M\u00fcnchner Abendzeitung) und einem Regie-Assistenz-Volontariat bei Regisseur Andreas Thiel ab.<\/p>\n\n\n\n<p>Marcus Patrick Rehberg arbeitete als Lektor f\u00fcr Universal Pictures International (Germany) und lehrte als Dozent f\u00fcr Drehbuch, Dramaturgie und Stoffentwicklung unter Prof. Arthur Hofer an der Macromedia Fachhochschule\/M\u00fcnchen.<\/p>\n\n\n\n<p>Als Drehbuchautor war er Mitglied in zwei Autorengruppen u.a. mit Roland Zag und Norbert Maass und schrieb neben &#8222;HOSPIZ&#8220; (Co-Autor: Gregor Linnemann) seit 2007 drei weitere eigene Drehb\u00fccher; zwei davon unter dramaturgischer Beratung von Roland Zag und eines mit dramaturgischer Beratung von Prof. Michael Gutmann.<\/p>\n\n\n\n<p>Au\u00dferdem nahm er mit dem Drehbuchprojekt &#8222;Antonio Congo&#8220; (AT) am Development-Programm &#8222;Babylon International 2011&#8220; (funded by MEDIA MUNDUS (EU), organized by Scripthouse\/Berlin) teil.<\/p>\n\n\n\n<p>Als Dramaturg arbeitete u.a. f\u00fcr Buchscout Agentur \/ Berlin und unterrichtet seit Februar 2012 Dramaturgie und Drehbuchschreiben an der Filmschauspielschule Berlin.<\/p>\n\n\n\n<p>Neben seinem Medien- und Literatur-Studium und der Vielzahl an Weiterbildungen im Bereich Dramaturgie, Drehbuch, Regie und Produktion, sowie der einschl\u00e4gigen Lehrt\u00e4tigkeit und Fortbildung als Dozent, verf\u00fcgt Marcus Patrick Rehberg \u00fcber 20 Jahre kontinuierliche Schulung und Weiterbildung in verschieden psychologischen und systemischen Methoden wie tiefenpsychologische orientierte K\u00f6rpertherapie, Systemische Strukturaufstellung, Systemisch-ph\u00e4nomenologische Familienaufstellung, Heilkreisarbeit, Themenzentrierte Interaktion. Die ganzheiltiche Verbindung von Spritualit\u00e4t und Wissenschaft bildet einen weiteren wichtigen Aspekt seiner pers\u00f6nlichen Fortbildungen und Forschungen.<\/p>\n\n\n\n<h2 class=\"wp-block-heading\">Chronologisch:<\/h2>\n\n\n\n<p><strong>1990-96<\/strong> M.A. Neuere deutsche Literatur und Medien, NF: Ethnologie, Graphik &amp; Malerei<br><strong>seit 1996<\/strong> Weiterbildungen bei Cunningham\/Schlessinger, McKee, Mark Travis, J\u00fcrgen Wolff, Roland Zag u.v.m.<br><strong>1999<\/strong> Illustrator\/Grafiker, Avanti Multimedia\/K\u00f6ln<br><strong>1999<\/strong> Regie-Assistenz Volont\u00e4r bei Andreas Thiel, 6 Folgen \u201eNeues vom B\u00fclowbogen: Praxis Dr. Sommerfeld\u201c, NFP\/Berlin<br><strong>2000<\/strong> Werbetexter\/Konzeptioner, acm\/M\u00fcnchen<br><strong>2007-08<\/strong> Lektor-\/Dramaturgie-Assistenz bei Roland Zag\/M\u00fcnchen<br><strong>seit 2008<\/strong> freier Lektor, Dramaturg und (Co-)Autor<br><strong>2011<\/strong> Teilnahme am Drehbuchentwicklungsprogramm BABYLON INTERNATIONAL 2011<br><strong>seit 2012<\/strong> Selfpublisher, Selfpublishing-Beratung<br><strong>seit 2017<\/strong> Lehrt\u00e4tigkeit an der AdK Ulm (Drehbuchschreiben\/Dramaturgie, Camera-Acting, Filmrealisation), Leitung des Fachbereichs Drehbuch (adk ulm)<br><strong>2018\/19<\/strong> Lehrplan-Erstellung f\u00fcr die 4-j\u00e4hrige Fachausbildung zur\/zum \u201eStaatlich anerkannten Drehbuchautor\/in\u201c an der AdK Ulm, <\/p>\n\n\n\n<p>Neben meiner Lehrt\u00e4tigkeit begleite ich Drehbuch- und Romanautoren als Dramaturg und Coach. Die Basis daf\u00fcr bildet der Fokus auf die tragenden S\u00e4ulen der Story. In 20 Jahren Zusammenarbeit mit verschiedensten Autoren und auch aus eigener Erfahrung als Drehbuchautor heraus kann ich jedoch gleichzeitig sagen: Stoffentwicklung ist letztlich immer zuerst Autorenentwicklung. Die Bewusstseins-ent-wicklungen der Autoren sind die Voraussetzung f\u00fcr die Heldenreisen der Hauptfiguren. Beides zusammen inspiriert sich wechselseitig und befl\u00fcgelt die qualitative Aufw\u00e4rtsspirale der Story.<\/p>\n\n\n\n<h2 class=\"wp-block-heading\">REFERENZEN (AUSWAHL)<\/h2>\n\n\n\n<h3 class=\"wp-block-heading\">LEKTORAT<\/h3>\n\n\n\n<p>Universal Pictures Germany (2008\/09), BuchScout-Agentur (2010-2012)<\/p>\n\n\n\n<h3 class=\"wp-block-heading\">LEHRT\u00c4TIGKEIT<\/h3>\n\n\n\n<p>Seit 2018<\/p>\n\n\n\n<p><em>Akademie f\u00fcr darstellende Kunst AdK Ulm<\/em>Dozent f\u00fcr Filmdramaturgie und Drehbuchschreiben im Bildungsgang &#8222;Drehbuch&#8220;<\/p>\n\n\n\n<p>2017<\/p>\n\n\n\n<p><em>Akademie f\u00fcr darstellende Kunst AdK Ulm<\/em>Workshopwoche &#8222;Drehbuchschreiben f\u00fcr Schauspieler&#8220; \/ Konzeption und Erstellung des Lehrplans der 3-j\u00e4hrigen Fachausbildung des Bildungsgangs &#8222;Drehbuch&#8220;<\/p>\n\n\n\n<p>2013-2016<\/p>\n\n\n\n<p><em>Coaching Company Berlin<\/em>Schreib- &amp; Drehbuch-Coaching f\u00fcr Schauspielp\u00e4dagogInnen &amp; RegisseurInnen2012-2013<em>Filmschauspielschule Berlin<\/em>Filmdramaturgie &amp; Drehbuchschreiben f\u00fcr Schauspielsch\u00fcler<\/p>\n\n\n\n<p>2008\/09<\/p>\n\n\n\n<p><em>Macromedia Hochschule der Medien und Kommunikation \/ M\u00fcnchen<\/em>&#8222;Stoffentwicklung, Dramaturgie, Drehbuch&#8220;, Studiengang Medienmanagement, Leitung: Prof. Arthur Hofer, Bereich &#8222;TV-Produktion&#8220;, LV-Koordinator: Roland Zag<\/p>\n\n\n\n<p>2001-2008<\/p>\n\n\n\n<p><em>M\u00fcnchner Volkshochschule<\/em>Konzeption und Aufbau des Bereichs &#8222;Drehbuchschreiben&#8220; im Fachgebiet &#8222;Fotographie &amp; Video\/Film&#8220;. Durchf\u00fchrung eines dreistufigen Kurssystems (Grundlagen, Fortgeschrittene, Stoffentwicklung)<\/p>\n\n\n\n<h3 class=\"wp-block-heading\">REGIE<\/h3>\n\n\n\n<p>1996<\/p>\n\n\n\n<p><em>Film als Mittel der Forschung und Erkenntnis bei Jean-Luc Godard<\/em>, P: Phillipps Universit\u00e4t Marburg\/Lahn, M.A.-Abschlussfilm<\/p>\n\n\n\n<h3 class=\"wp-block-heading\">VER\u00d6FFENTLICHUNGEN<\/h3>\n\n\n\n<p>2011-2016<\/p>\n\n\n\n<p>Artikel: <em>&#8222;Planting &amp; Pay-Off&#8220;, &#8222;Die Figurenleiter&#8220;, Artikelreihe &#8222;Drehbuch-Alchimie&#8220;<\/em>, VeDRA-Online-Fachmagazin WENDEPUNKT<\/p>\n\n\n\n<p><em>Die Sehnsucht der Schatten nach dem Licht<\/em>, Roman, Amazon\/Taschenbuch, BoD\/Hardcover, Neobooks\/E-Book<\/p>\n","protected":false},"excerpt":{"rendered":"<p>Marcus Patrick Rehberg Wer ist das?\u00a0Was kann der eigentlich? Kurz &amp; knapp: Marcus Patrick Rehberg (VeDRA) Lehrjahre:&nbsp;F\u00fcr den neu gegr\u00fcndeten Produktionszweig von Universal Pictures habe ich unter Leitung von Andrea Willson Lektorate und Adaptionsgutachten geschrieben und auch Projekte dramaturgisch beraten. Gesellenjahre:&nbsp;Als Lektor, Dramaturg und Co-Autor habe ich mit Roland Zag zusammengearbeitet. In einem Mastermind-Team mit &hellip; <\/p>\n<p class=\"link-more\"><a href=\"https:\/\/marcuspatrickrehberg.com\/?page_id=30\" class=\"more-link\"><span class=\"screen-reader-text\">\u201e\u00dcber mich\u201c<\/span> weiterlesen<\/a><\/p>\n","protected":false},"author":1,"featured_media":0,"parent":0,"menu_order":0,"comment_status":"closed","ping_status":"closed","template":"","meta":{"footnotes":""},"_links":{"self":[{"href":"https:\/\/marcuspatrickrehberg.com\/index.php?rest_route=\/wp\/v2\/pages\/30"}],"collection":[{"href":"https:\/\/marcuspatrickrehberg.com\/index.php?rest_route=\/wp\/v2\/pages"}],"about":[{"href":"https:\/\/marcuspatrickrehberg.com\/index.php?rest_route=\/wp\/v2\/types\/page"}],"author":[{"embeddable":true,"href":"https:\/\/marcuspatrickrehberg.com\/index.php?rest_route=\/wp\/v2\/users\/1"}],"replies":[{"embeddable":true,"href":"https:\/\/marcuspatrickrehberg.com\/index.php?rest_route=%2Fwp%2Fv2%2Fcomments&post=30"}],"version-history":[{"count":2,"href":"https:\/\/marcuspatrickrehberg.com\/index.php?rest_route=\/wp\/v2\/pages\/30\/revisions"}],"predecessor-version":[{"id":217,"href":"https:\/\/marcuspatrickrehberg.com\/index.php?rest_route=\/wp\/v2\/pages\/30\/revisions\/217"}],"wp:attachment":[{"href":"https:\/\/marcuspatrickrehberg.com\/index.php?rest_route=%2Fwp%2Fv2%2Fmedia&parent=30"}],"curies":[{"name":"wp","href":"https:\/\/api.w.org\/{rel}","templated":true}]}}